ds digit of 18307?
3
What is the ten thousands digit of 3924257?
2
What is the millions digit of 6725274?
6
What is the hundred thousands digit of 436584?
4
What is the hundred thousands digit of 599182?
5
What is the thousands digit of 187488?
7
What is the tens digit of 1464118?
1
What is the tens digit of 5683518?
1
What is the hundreds digit of 481389?
3
What is the units digit of 32341424?
4
What is the units digit of 435115?
5
What is the thousands digit of 171112?
1
What is the tens digit of 2164306?
0
What is the units digit of 7798203?
3
What is the thousands digit of 77223?
7
What is the hundred thousands digit of 693569?
6
What is the hundred thousands digit of 3399844?
3
What is the hundred thousands digit of 378528?
3
What is the millions digit of 6854013?
6
What is the tens digit of 1126405?
0
What is the thousands digit of 260636?
0
What is the units digit of 182075?
5
What is the ten thousands digit of 2039093?
3
What is the tens digit of 275795?
9
What is the ten thousands digit of 46106?
4
What is the units digit of 4531120?
0
What is the units digit of 162741?
1
What is the millions digit of 4269956?
4
What is the units digit of 37113?
3
What is the tens digit of 2202805?
0
What is the ten thousands digit of 1110551?
1
What is the thousands digit of 870806?
0
What is the tens digit of 453890?
9
What is the thousands digit of 7659284?
9
What is the units digit of 11142144?
4
What is the hundred thousands digit of 29627189?
6
What is the millions digit of 12043973?
2
What is the units digit of 18453040?
0
What is the tens digit of 2584335?
3
What is the tens digit of 940901?
0
What is the hundreds digit of 20526456?
4
What is the tens digit of 467162?
6
What is the hundreds digit of 6185301?
3
What is the tens digit of 2113570?
7
What is the tens digit of 326034?
3
What is the ten millions digit of 11841274?
1
What is the tens digit of 9019694?
9
What is the tens digit of 643442?
4
What is the units digit of 78849?
9
What is the hundreds digit of 1928760?
7
What is the tens digit of 47274?
7
What is the tens digit of 6164555?
5
What is the tens digit of 221950?
5
What is the tens digit of 103181?
8
What is the ten thousands digit of 1645337?
4
What is the ten thousands digit of 3129608?
2
What is the ten thousands digit of 19699306?
9
What is the hundreds digit of 1479271?
2
What is the hundreds digit of 131059?
0
What is the hundred thousands digit of 610376?
6
What is the hundreds digit of 1208132?
1
What is the thousands digit of 4555716?
5
What is the thousands digit of 8402098?
2
What is the ten millions digit of 20603357?
2
What is the hundred thousands digit of 2220874?
2
What is the hundred thousands digit of 490137?
4
What is the hundreds digit of 637154?
1
What is the thousands digit of 1308611?
8
What is the hundred thousands digit of 358051?
3
What is the units digit of 446755?
5
What is the hundreds digit of 1192528?
5
What is the thousands digit of 11100181?
0
What is the ten thousands digit of 3158487?
5
What is the tens digit of 90987?
8
What is the units digit of 448540?
0
What is the hundred thousands digit of 3915249?
9
What is the hundreds digit of 297181?
1
What is the hundreds digit of 3916951?
9
What is the thousands digit of 12852507?
2
What is the hundreds digit of 1148511?
5
What is the ten thousands digit of 290340?
9
What is the ten thousands digit of 108622?
0
What is the hundreds digit of 6450463?
4
What is the hundred thousands digit of 2346990?
3
What is the units digit of 335487?
7
What is the thousands digit of 57626?
7
What is the tens digit of 330782?
8
What is the thousands digit of 34391?
4
What is the thousands digit of 1117575?
7
What is the millions digit of 23609516?
3
What is the ten thousands digit of 179629?
7
What is the ten thousands digit of 12470280?
7
What is the hundreds digit of 1245415?
4
What is the ten millions digit of 16410217?
1
What is the tens digit of 38651?
5
What is the units digit of 10115898?
8
What is the hundreds digit of 4171244?
2
What is the ten thousands digit of 305059?
0
What is the thousands digit of 1465494?
5
What is the units digit of 295863?
3
What is the ten thousands digit of 1098460?
9
What is the hundreds digit of 7582381?
3
What is the thousands digit of 9286367?
6
What is the ten thousands digit of 22547202?
4
What is the ten thousands digit of 61107?
6
What is the hundreds digit of 879826?
8
What is the tens digit of 3875469?
6
What is the units digit of 2699862?
2
What is the millions digit of 10955030?
0
What is the ten thousands digit of 9047127?
4
What is the thousands digit of 9420496?
0
What is the ten thousands digit of 5993759?
9
What is the ten thousands digit of 1167865?
6
What is the thousands digit of 249418?
9
What is the units digit of 5352722?
2
What is the hundred thousands digit of 113647?
1
What is the hundreds digit of 30124990?
9
What is the hundred thousands digit of 868115?
8
What is the millions digit of 1233246?
1
What is the units digit of 90839?
9
What is the thousands digit of 34025?
4
What is the ten millions digit of 19774165?
1
What is the hundreds digit of 396989?
9
What is the hundreds digit of 13484967?
9
What is the tens digit of 956502?
0
What is the hundred thousands digit of 7076022?
0
What is the units digit of 266675?
5
What is the hundred thousands digit of 1355157?
3
What is the hundreds digit of 76729?
7
What is the hundred thousands digit of 321248?
3
What is the hundreds digit of 554928?
9
What is the units digit of 113991?
1
What is the hundreds digit of 8867478?
4
What is the thousands digit of 3823309?
3
What is the ten thousands digit of 65922?
6
What is the ten thousands digit of 151213?
5
What is the units digit of 547012?
2
What is the ten thousands digit of 2266001?
6
What is the hundred thousands digit of 709587?
7
What is the ten thousands digit of 778065?
7
What is the units digit of 2581171?
1
What is the millions digit of 13415404?
3
What is the tens digit of 3901608?
0
What is the ten thousands digit of 466399?
6
What is the hundred thousands digit of 5902790?
9
What is the tens digit of 20490777?
7
What is the thousands digit of 5759203?
9
What is the units digit of 355302?
2
What is the ten thousands digit of 44830?
4
What is the units digit of 5353054?
4
What is the hundred thousands digit of 435422?
4
What is the hundreds digit of 513229?
2
What is the tens digit of 1146127?
2
What is the units digit of 249817?
7
What is the hundreds digit of 28755769?
7
What is the hundreds digit of 8612366?
3
What is the thousands digit of 2635357?
5
What is the tens digit of 9184242?
4
What is the hundreds digit of 7732096?
0
What is the hundreds digit of 6570088?
0
What is the millions digit of 4809616?
4
What is the hundreds digit of 2271620?
6
What is the thousands digit of 1646652?
6
What is the ten thousands digit of 459162?
5
What is the hundreds digit of 12630016?
0
What is the hundreds digit of 99626?
6
What is the hundred thousands digit of 3101439?
1
What is the units digit of 60620?
0
What is the hundreds digit of 834925?
9
What is the thousands digit of 52998?
2
What is the units digit of 275234?
4
What is the thousands digit of 709170?
9
What is the thousands digit of 19309?
9
What is the ten thousands digit of 834877?
3
What is the ten thousands digit of 142293?
4
What is the units digit of 7257934?
4
What is the thousands digit of 18303039?
3
What is the hundred thousands digit of 8497826?
4
What is the hundreds digit of 2832118?
1
What is the tens digit of 358929?
2
What is the tens digit of 3577466?
6
What is the tens digit of 920043?
4
What is the ten thousands digit of 2484979?
8
What is the units digit of 591485?
5
What is the units digit of 2045494?
4
What is the tens digit of 310950?
5
What is the units digit of 556405?
5
What is the ten thousands digit of 415560?
1
What is the ten thousands digit of 5986309?
8
What is the hundred thousands digit of 3143988?
1
What is the tens digit of 723546?
4
What is the ten thousands digit of 467573?
6
What is the millions digit of 2176511?
2
What is the ten thousands digit of 40020?
4
What is the hundreds digit of 868724?
7
What is the thousands digit of 7446331?
6
What is the hundreds digit of 125799?
7
What is the hundred thousan